{"id":1678,"date":"2016-02-17T12:00:55","date_gmt":"2016-02-17T11:00:55","guid":{"rendered":"https:\/\/www.posh.de\/wcms\/?page_id=1678"},"modified":"2024-03-18T18:10:21","modified_gmt":"2024-03-18T17:10:21","slug":"symbol-bibliotheken","status":"publish","type":"page","link":"https:\/\/www.posh.de\/wcms\/draftboard-cad\/symbol-bibliotheken\/","title":{"rendered":"Symbol-Bibliotheken"},"content":{"rendered":"<div class=\"fusion-fullwidth fullwidth-box fusion-builder-row-1 nonhundred-percent-fullwidth non-hundred-percent-height-scrolling\" style=\"--awb-border-radius-top-left:0px;--awb-border-radius-top-right:0px;--awb-border-radius-bottom-right:0px;--awb-border-radius-bottom-left:0px;\" ><div class=\"fusion-builder-row fusion-row\"><div class=\"fusion-layout-column fusion_builder_column fusion-builder-column-0 fusion_builder_column_1_1 1_1 fusion-one-full fusion-column-first fusion-column-last fusion-animated\" style=\"--awb-padding-top:5px;--awb-padding-right:5px;--awb-padding-bottom:5px;--awb-padding-left:5px;--awb-bg-size:cover;--awb-margin-top:10px;--awb-margin-bottom:0px;\" data-animationType=\"fadeInLeft\" data-animationDuration=\"0.5\" data-animationOffset=\"top-into-view\"><div class=\"fusion-column-wrapper fusion-flex-column-wrapper-legacy\"><div class=\"fusion-content-boxes content-boxes columns row fusion-columns-2 fusion-columns-total-5 fusion-content-boxes-1 content-boxes-icon-boxed content-center\" style=\"--awb-backgroundcolor:#f6f6f6;--awb-margin-top:0px;--awb-margin-bottom:0px;--awb-hover-accent-color:#0088c2;--awb-circle-hover-accent-color:#0088c2;\" data-animationOffset=\"top-into-view\">\n<div style=\"--awb-backgroundcolor:#f6f6f6;\" class=\"fusion-column content-box-column content-box-column content-box-column-1 col-lg-6 col-md-6 col-sm-6 fusion-content-box-hover content-box-column-first-in-row\"><div class=\"col content-box-wrapper content-wrapper-background content-wrapper-boxed link-area-link-icon link-type-default icon-hover-animation-fade\" data-animationOffset=\"top-into-view\"><div class=\"heading heading-with-icon icon-center\"><a class=\"heading-link\" href=\"https:\/\/www.posh.de\/wcms\/download\/208\/symbol-bibliotheken\/4418\/draftboard-symbolbibliothek-architektur.pdf\" target=\"_blank\" rel=\"noopener noreferrer\"><div class=\"icon\"><i style=\"border-color:#333333;border-width:1px;background-color:#333333;box-sizing:content-box;height:64px;width:64px;line-height:64px;top:-82px;margin-left:-32px;border-radius:50%;font-size:32px;\" aria-hidden=\"true\" class=\"fontawesome-icon fa fa-building-o circle-yes\"><\/i><\/div><h2 class=\"content-box-heading fusion-responsive-typography-calculated\" style=\"--h2_typography-font-size:18px;--fontSize:18;line-height:1.5;\">Architektur<\/h2><\/a><\/div><div class=\"fusion-clearfix\"><\/div><div class=\"content-container\">\n<p align=\"left\">Teilweise parametrische, mit Werte-Tabellen hinterlegte Symbole aus den Bereichen M\u00f6blierung, Haustechnik und Au\u00dfenanlagen.<\/p>\n<\/div><\/div><\/div>\n<div style=\"--awb-backgroundcolor:#f6f6f6;\" class=\"fusion-column content-box-column content-box-column content-box-column-2 col-lg-6 col-md-6 col-sm-6 fusion-content-box-hover content-box-column-last-in-row\"><div class=\"col content-box-wrapper content-wrapper-background content-wrapper-boxed link-area-link-icon link-type-default icon-hover-animation-fade\" data-animationOffset=\"top-into-view\"><div class=\"heading heading-with-icon icon-center\"><a class=\"heading-link\" href=\"https:\/\/www.posh.de\/wcms\/download\/208\/symbol-bibliotheken\/4419\/draftboard-symbolbibliothek-maschinenbau.pdf\" target=\"_blank\" rel=\"noopener noreferrer\"><div class=\"icon\"><i style=\"border-color:#333333;border-width:1px;background-color:#333333;box-sizing:content-box;height:64px;width:64px;line-height:64px;top:-82px;margin-left:-32px;border-radius:50%;font-size:32px;\" aria-hidden=\"true\" class=\"fontawesome-icon fa fa-cogs circle-yes\"><\/i><\/div><h2 class=\"content-box-heading fusion-responsive-typography-calculated\" style=\"--h2_typography-font-size:18px;--fontSize:18;line-height:1.5;\">Maschinenbau<\/h2><\/a><\/div><div class=\"fusion-clearfix\"><\/div><div class=\"content-container\">\n<p align=\"left\">Gr\u00f6\u00dftenteils parametrische, mit Werte-Tabellen hinterlegte Symbole aus den Bereichen Muttern, Schrauben, Scheiben, Stifte, H\u00fclsen und Lager.<\/p>\n<\/div><\/div><\/div>\n<p>&nbsp;<\/p>\n<div style=\"--awb-backgroundcolor:#f6f6f6;\" class=\"fusion-column content-box-column content-box-column content-box-column-3 col-lg-6 col-md-6 col-sm-6 fusion-content-box-hover content-box-column-first-in-row\"><div class=\"col content-box-wrapper content-wrapper-background content-wrapper-boxed link-area-link-icon link-type-default icon-hover-animation-fade\" data-animationOffset=\"top-into-view\"><div class=\"heading heading-with-icon icon-center\"><a class=\"heading-link\" href=\"https:\/\/www.posh.de\/wcms\/download\/208\/symbol-bibliotheken\/4420\/draftboard-symbolbibliothek-stahlbau.pdf\" target=\"_blank\" rel=\"noopener noreferrer\"><div class=\"icon\"><i style=\"border-color:#333333;border-width:1px;background-color:#333333;box-sizing:content-box;height:64px;width:64px;line-height:64px;top:-82px;margin-left:-32px;border-radius:50%;font-size:32px;\" aria-hidden=\"true\" class=\"fontawesome-icon fa fa-wrench circle-yes\"><\/i><\/div><h2 class=\"content-box-heading fusion-responsive-typography-calculated\" style=\"--h2_typography-font-size:18px;--fontSize:18;line-height:1.5;\">Stahlbau<\/h2><\/a><\/div><div class=\"fusion-clearfix\"><\/div><div class=\"content-container\">\n<p align=\"left\">Parametrische, mit Werte-Tabellen hinterlegte Symbole aus den Bereichen Stahlprofile, Hohlprofile, Vollmaterial und Stahl-Trapezprofile.<\/p>\n<\/div><\/div><\/div>\n<div style=\"--awb-backgroundcolor:#f6f6f6;\" class=\"fusion-column content-box-column content-box-column content-box-column-4 col-lg-6 col-md-6 col-sm-6 fusion-content-box-hover content-box-column-last-in-row\"><div class=\"col content-box-wrapper content-wrapper-background content-wrapper-boxed link-area-link-icon link-type-default icon-hover-animation-fade\" data-animationOffset=\"top-into-view\"><div class=\"heading heading-with-icon icon-center\"><a class=\"heading-link\" href=\"https:\/\/www.posh.de\/wcms\/download\/208\/symbol-bibliotheken\/4421\/draftboard-symbolbibliothek-brandschutz.pdf\" target=\"_blank\" rel=\"noopener noreferrer\"><div class=\"icon\"><i style=\"border-color:#333333;border-width:1px;background-color:#333333;box-sizing:content-box;height:64px;width:64px;line-height:64px;top:-82px;margin-left:-32px;border-radius:50%;font-size:32px;\" aria-hidden=\"true\" class=\"fontawesome-icon fa fa-fire-extinguisher circle-yes\"><\/i><\/div><h2 class=\"content-box-heading fusion-responsive-typography-calculated\" style=\"--h2_typography-font-size:18px;--fontSize:18;line-height:1.5;\">Brandschutz<\/h2><\/a><\/div><div class=\"fusion-clearfix\"><\/div><div class=\"content-container\">\n<p align=\"left\">Gr\u00f6\u00dftenteils parametrische Symbole aus den Bereichen Sicherheitszeichen, Feuerwehrzeichen und Einbruchmelde-, Zutrittskontroll- u. Gefahrenwarn-Anlagen.<\/p>\n<\/div><\/div><\/div>\n<p>&nbsp;<\/p>\n<div style=\"--awb-backgroundcolor:#f6f6f6;\" class=\"fusion-column content-box-column content-box-column content-box-column-5 col-lg-6 col-md-6 col-sm-6 fusion-content-box-hover content-box-column-first-in-row content-box-column-last\"><div class=\"col content-box-wrapper content-wrapper-background content-wrapper-boxed link-area-link-icon link-type-default icon-hover-animation-fade\" data-animationOffset=\"top-into-view\"><div class=\"heading heading-with-icon icon-center\"><a class=\"heading-link\" href=\"https:\/\/www.posh.de\/wcms\/download\/208\/symbol-bibliotheken\/4422\/draftboard-symbolbibliothek-hydraulik-pneumatik.pdf\" target=\"_blank\" rel=\"noopener noreferrer\"><div class=\"icon\"><i style=\"border-color:#333333;border-width:1px;background-color:#333333;box-sizing:content-box;height:64px;width:64px;line-height:64px;top:-82px;margin-left:-32px;border-radius:50%;font-size:32px;\" aria-hidden=\"true\" class=\"fontawesome-icon fa fa-code-fork circle-yes\"><\/i><\/div><h2 class=\"content-box-heading fusion-responsive-typography-calculated\" style=\"--h2_typography-font-size:18px;--fontSize:18;line-height:1.5;\">Hydraulik\/Pneumatik<\/h2><\/a><\/div><div class=\"fusion-clearfix\"><\/div><div class=\"content-container\">\n<p align=\"left\">Parametrische Symbole aus den Bereichen Ventile, Speicher, Pumpen und Motoren, Messinstrumente, Indikatoren, Zwischenplatten, Zylinder und Schaltbildern.<\/p>\n<\/div><\/div><\/div>\n<div class=\"fusion-clearfix\"><\/div><\/div><div class=\"fusion-clearfix\"><\/div><\/div><\/div><\/div><\/div>\n","protected":false},"excerpt":{"rendered":"","protected":false},"author":1,"featured_media":0,"parent":944,"menu_order":12,"comment_status":"closed","ping_status":"closed","template":"","meta":{"footnotes":""},"class_list":["post-1678","page","type-page","status-publish","hentry"],"_links":{"self":[{"href":"https:\/\/www.posh.de\/wcms\/wp-json\/wp\/v2\/pages\/1678","targetHints":{"allow":["GET"]}}],"collection":[{"href":"https:\/\/www.posh.de\/wcms\/wp-json\/wp\/v2\/pages"}],"about":[{"href":"https:\/\/www.posh.de\/wcms\/wp-json\/wp\/v2\/types\/page"}],"author":[{"embeddable":true,"href":"https:\/\/www.posh.de\/wcms\/wp-json\/wp\/v2\/users\/1"}],"replies":[{"embeddable":true,"href":"https:\/\/www.posh.de\/wcms\/wp-json\/wp\/v2\/comments?post=1678"}],"version-history":[{"count":4,"href":"https:\/\/www.posh.de\/wcms\/wp-json\/wp\/v2\/pages\/1678\/revisions"}],"predecessor-version":[{"id":4888,"href":"https:\/\/www.posh.de\/wcms\/wp-json\/wp\/v2\/pages\/1678\/revisions\/4888"}],"up":[{"embeddable":true,"href":"https:\/\/www.posh.de\/wcms\/wp-json\/wp\/v2\/pages\/944"}],"wp:attachment":[{"href":"https:\/\/www.posh.de\/wcms\/wp-json\/wp\/v2\/media?parent=1678"}],"curies":[{"name":"wp","href":"https:\/\/api.w.org\/{rel}","templated":true}]}}