{"id":505,"date":"2014-08-19T12:00:35","date_gmt":"2014-08-19T10:00:35","guid":{"rendered":"https:\/\/www.posh.de\/wcms\/?page_id=505"},"modified":"2016-12-15T18:07:57","modified_gmt":"2016-12-15T17:07:57","slug":"presse","status":"publish","type":"page","link":"https:\/\/www.posh.de\/wcms\/unternehmen\/presse\/","title":{"rendered":"Presse"},"content":{"rendered":"<p>POSH GmbH bietet als CAD-Systemhaus mehr als nur die sonst f\u00fcr kleine und mittelst\u00e4ndische Unternehmen g\u00e4ngigen CAD-Systeme. Mit einem selektiven Portfolio an CAx-Produkten hat sich das Unternehmen seit 1991 im CAD-Markt etabliert. POSH GmbH ist dabei spezialisiert auf besonders intuitiv bedienbare 2D\/3D CAD-Software sowohl f\u00fcr Windows als auch Mac OS.<\/p>\n<p>Von kompletter Beratung bis hin zu Produkt-Schulungen und Support-Leistungen &#8211; POSH GmbH ber\u00e4t Interessenten bei der Auswahl des passenden CAD-Systems und unterst\u00fctzt Anwender bei dem produktiven Einsatz der Software. Ein Team qualifizierter Ingenieure, die mit hoher fachlicher Kompetenz f\u00fcr einen reibungslosen Software-Einsatz sorgen, stehen Kunden im gesamten D\/A\/CH Raum beratend zur Seite.<\/p>\n<p>Pressekontakt:<br \/>\nToni Lettmaier<br \/>\nGesch\u00e4ftsf\u00fchrer<br \/>\nPOSH GmbH<br \/>\nTel.: 09371 \/ 65 297<br \/>\nFax.: 09371 \/ 69 241<br \/>\nE-Mail: <a href=\"mailto:presse@posh.de?subject=Kontakt%20:%20Presseinformation\">presse@posh.de<\/a><\/p>\n","protected":false},"excerpt":{"rendered":"<p>POSH GmbH bietet als CAD-Systemhaus mehr als nur die sonst f\u00fcr kleine und mittelst\u00e4ndische Unternehmen g\u00e4ngigen CAD-Systeme. Mit einem selektiven Portfolio an CAx-Produkten hat sich das Unternehmen seit 1991 im CAD-Markt etabliert. POSH GmbH ist dabei spezialisiert auf besonders intuitiv bedienbare 2D\/3D CAD-Software sowohl f\u00fcr Windows als auch Mac OS. Von kompletter Beratung bis hin [&hellip;]<\/p>\n","protected":false},"author":1,"featured_media":0,"parent":441,"menu_order":37,"comment_status":"closed","ping_status":"open","template":"","meta":{"footnotes":""},"class_list":["post-505","page","type-page","status-publish","hentry"],"_links":{"self":[{"href":"https:\/\/www.posh.de\/wcms\/wp-json\/wp\/v2\/pages\/505","targetHints":{"allow":["GET"]}}],"collection":[{"href":"https:\/\/www.posh.de\/wcms\/wp-json\/wp\/v2\/pages"}],"about":[{"href":"https:\/\/www.posh.de\/wcms\/wp-json\/wp\/v2\/types\/page"}],"author":[{"embeddable":true,"href":"https:\/\/www.posh.de\/wcms\/wp-json\/wp\/v2\/users\/1"}],"replies":[{"embeddable":true,"href":"https:\/\/www.posh.de\/wcms\/wp-json\/wp\/v2\/comments?post=505"}],"version-history":[{"count":1,"href":"https:\/\/www.posh.de\/wcms\/wp-json\/wp\/v2\/pages\/505\/revisions"}],"predecessor-version":[{"id":2580,"href":"https:\/\/www.posh.de\/wcms\/wp-json\/wp\/v2\/pages\/505\/revisions\/2580"}],"up":[{"embeddable":true,"href":"https:\/\/www.posh.de\/wcms\/wp-json\/wp\/v2\/pages\/441"}],"wp:attachment":[{"href":"https:\/\/www.posh.de\/wcms\/wp-json\/wp\/v2\/media?parent=505"}],"curies":[{"name":"wp","href":"https:\/\/api.w.org\/{rel}","templated":true}]}}