{"id":944,"date":"2015-06-22T12:00:34","date_gmt":"2015-06-22T10:00:34","guid":{"rendered":"https:\/\/www.posh.de\/wcms\/?page_id=944"},"modified":"2025-02-23T02:39:20","modified_gmt":"2025-02-23T01:39:20","slug":"draftboard-cad","status":"publish","type":"page","link":"https:\/\/www.posh.de\/wcms\/draftboard-cad\/","title":{"rendered":"DraftBoard CAD"},"content":{"rendered":"<div class=\"fusion-fullwidth fullwidth-box fusion-builder-row-1 hundred-percent-fullwidth non-hundred-percent-height-scrolling\" style=\"--awb-border-radius-top-left:0px;--awb-border-radius-top-right:0px;--awb-border-radius-bottom-right:0px;--awb-border-radius-bottom-left:0px;--awb-overflow:visible;\" ><div class=\"fusion-builder-row fusion-row\"><div class=\"fusion-layout-column fusion_builder_column fusion-builder-column-0 fusion_builder_column_1_1 1_1 fusion-one-full fusion-column-first fusion-column-last fusion-column-no-min-height\" style=\"--awb-bg-size:cover;--awb-margin-bottom:0px;\"><div class=\"fusion-column-wrapper fusion-flex-column-wrapper-legacy\"><style type='text\/css'>.reading-box-container-1 .element-bottomshadow:before,.reading-box-container-1 .element-bottomshadow:after{opacity:1;}<\/style><div class=\"fusion-reading-box-container reading-box-container-1\" style=\"--awb-title-color:#333333;--awb-margin-top:0px;--awb-margin-bottom:10px;\"><div class=\"reading-box element-bottomshadow\" style=\"background-color:#f6f6f6;border-width:1px;border-color:#1a1a1a;border-left-width:3px;border-left-color:var(--primary_color);border-style:solid;\"><div class=\"reading-box-additional\"><img decoding=\"async\" class=\"alignright wp-image-1366 size-full\" style=\"border: 0px solid #000000; margin-left: 10px; margin-right: 5px;\" title=\"DraftBoard CAD\" src=\"https:\/\/www.posh.de\/wcms\/wp-content\/uploads\/2015\/10\/DB_logo_128X128.jpg\" alt=\"DraftBoard CAD\" width=\"128\" height=\"128\" srcset=\"https:\/\/www.posh.de\/wcms\/wp-content\/uploads\/2015\/10\/DB_logo_128X128-20x20.jpg 20w, https:\/\/www.posh.de\/wcms\/wp-content\/uploads\/2015\/10\/DB_logo_128X128-66x66.jpg 66w, https:\/\/www.posh.de\/wcms\/wp-content\/uploads\/2015\/10\/DB_logo_128X128-120x120.jpg 120w, https:\/\/www.posh.de\/wcms\/wp-content\/uploads\/2015\/10\/DB_logo_128X128.jpg 128w\" sizes=\"(max-width: 128px) 100vw, 128px\" \/>Zeichnen und Konstruieren am Computer sollte schnell und m\u00fchelos erfolgen. Das garantiert Ihnen <strong>DraftBoard<\/strong> CAD, die elegante L\u00f6sung f\u00fcr das schnelle Umsetzen von Ideen und exaktes Zeichnen. Mit <strong>DraftBoard<\/strong> k\u00f6nnen Sie alle Ihre Vorstellungen im Handumdrehen ma\u00dfstabsgetreu am Bildschirm realisieren.<\/p>\n<p><strong>DraftBoard<\/strong> ist das erste Konstruktionsprogramm, das durch die revolution\u00e4re Technik des intelligenten <em>Zeichen-Assistenten<\/em> wirklich mitdenkt. Kein R\u00e4tselraten mehr am Computer. Vergessen Sie das m\u00fchsame Erlernen unz\u00e4hliger Befehle oder wochenlanges Training, <strong>DraftBoard<\/strong> f\u00fchrt Sie elegant und selbsterkl\u00e4rend durch die einzelnen Konstruktionsschritte. Notwendige Funktionen sind immer pr\u00e4sent, meist nur einen Mausklick entfernt.<\/p>\n<p>Mit <strong>DraftBoard<\/strong> gibt es jetzt f\u00fcr Designer, Ingenieure und Architekten den intelligenten Ersatz f\u00fcr Zeichenbrett und Skizzenblock. Ihre Kreativit\u00e4t bestimmt die Konstruktionsgeschwindigkeit, nicht das Programm. Der Umstieg gelingt m\u00fchelos, Sie konstruieren wie gewohnt, nur wesentlich schneller und mit absoluter Pr\u00e4zision.<\/div><div class=\"fusion-clearfix\"><\/div><\/div><\/div>\n<p class=\"\" align=\"right\"><strong>DraftBoard<\/strong> ist verf\u00fcgbar f\u00fcr <strong>Windows<\/strong><\/p>\n<div class=\"fusion-clearfix\"><\/div><\/div><\/div><div class=\"fusion-layout-column fusion_builder_column fusion-builder-column-1 fusion_builder_column_1_1 1_1 fusion-one-full fusion-column-first fusion-column-last fusion-column-no-min-height\" style=\"--awb-bg-size:cover;--awb-margin-bottom:0px;\"><div class=\"fusion-column-wrapper fusion-flex-column-wrapper-legacy\"><div class=\"fusion-tabs fusion-tabs-1 classic nav-is-justified horizontal-tabs icon-position-left mobile-mode-accordion\" style=\"--awb-title-border-radius-top-left:0px;--awb-title-border-radius-top-right:0px;--awb-title-border-radius-bottom-right:0px;--awb-title-border-radius-bottom-left:0px;--awb-inactive-color:#ebeaea;--awb-background-color:#ffffff;--awb-border-color:#ebeaea;--awb-active-border-color:#0088c2;\"><div class=\"nav\"><ul class=\"nav-tabs nav-justified\" role=\"tablist\"><li class=\"active\" role=\"presentation\"><a class=\"tab-link\" data-toggle=\"tab\" role=\"tab\" aria-controls=\"tab-1fe917dfbf2238a145c\" aria-selected=\"true\" id=\"fusion-tab-draftboardprofessional\" href=\"#tab-1fe917dfbf2238a145c\"><h4 class=\"fusion-tab-heading\"><i class=\"fontawesome-icon fa fa-bookmark\" aria-hidden=\"true\" style=\"font-size:13px;\"><\/i>DraftBoard Professional<\/h4><\/a><\/li><li role=\"presentation\"><a class=\"tab-link\" data-toggle=\"tab\" role=\"tab\" aria-controls=\"tab-8f9b918a5fa9b196fc3\" aria-selected=\"false\" tabindex=\"-1\" id=\"fusion-tab-draftboardexpert\" href=\"#tab-8f9b918a5fa9b196fc3\"><h4 class=\"fusion-tab-heading\"><i class=\"fontawesome-icon fa fa-bookmark\" aria-hidden=\"true\" style=\"font-size:13px;\"><\/i>DraftBoard Expert<\/h4><\/a><\/li><li role=\"presentation\"><a class=\"tab-link\" data-toggle=\"tab\" role=\"tab\" aria-controls=\"tab-c8dbea947d97ff6ee5d\" aria-selected=\"false\" tabindex=\"-1\" id=\"fusion-tab-draftboardunlimited\" href=\"#tab-c8dbea947d97ff6ee5d\"><h4 class=\"fusion-tab-heading\"><i class=\"fontawesome-icon fa fa-bookmark\" aria-hidden=\"true\" style=\"font-size:13px;\"><\/i>DraftBoard Unlimited<\/h4><\/a><\/li><\/ul><\/div><div class=\"tab-content\"><div class=\"nav fusion-mobile-tab-nav\"><ul class=\"nav-tabs nav-justified\" role=\"tablist\"><li class=\"active\" role=\"presentation\"><a class=\"tab-link\" data-toggle=\"tab\" role=\"tab\" aria-controls=\"tab-1fe917dfbf2238a145c\" aria-selected=\"true\" id=\"mobile-fusion-tab-draftboardprofessional\" href=\"#tab-1fe917dfbf2238a145c\"><h4 class=\"fusion-tab-heading\"><i class=\"fontawesome-icon fa fa-bookmark\" aria-hidden=\"true\" style=\"font-size:13px;\"><\/i>DraftBoard Professional<\/h4><\/a><\/li><\/ul><\/div><div class=\"tab-pane fade fusion-clearfix in active\" role=\"tabpanel\" tabindex=\"0\" aria-labelledby=\"fusion-tab-draftboardprofessional\" id=\"tab-1fe917dfbf2238a145c\"><strong>DraftBoard Professional<\/strong> bietet als Basisprogramm eine umfassende und ausgereifte Funktionalit\u00e4t und ein komplettes Set an Zeichenwerkzeugen f\u00fcr alle g\u00e4ngigen Design- und Konstruktions-Aufgaben.<\/p>\n<p>Assoziativ mit der Konstruktion verbundene Detailansichten erlauben Details in beliebigen Ma\u00dfst\u00e4ben frei auf dem Zeichenblatt zu plazieren. \u00c4nderungen in der Basiskonstruktion werden automatisch in den einzelnen Ansichten mitgef\u00fchrt.<br \/><div class=\"fusion-alignright\"><a class=\"fusion-button button-flat button-small button-default fusion-button-default button-1 fusion-button-default-span \" style=\"--button-border-radius-top-left:0px;--button-border-radius-top-right:0px;--button-border-radius-bottom-right:0px;--button-border-radius-bottom-left:0px;\" target=\"_self\" title=\"DraftBoard Professional\" href=\"https:\/\/www.posh.de\/wcms\/produkte\/draftboard-cad\/draftboard-professional\/\"><i class=\" fa fa-chevron-right button-icon-left\" aria-hidden=\"true\"><\/i><span class=\"fusion-button-text\">mehr Erfahren&#8230;<\/span><\/a><\/div><\/div><div class=\"nav fusion-mobile-tab-nav\"><ul class=\"nav-tabs nav-justified\" role=\"tablist\"><li role=\"presentation\"><a class=\"tab-link\" data-toggle=\"tab\" role=\"tab\" aria-controls=\"tab-8f9b918a5fa9b196fc3\" aria-selected=\"false\" tabindex=\"-1\" id=\"mobile-fusion-tab-draftboardexpert\" href=\"#tab-8f9b918a5fa9b196fc3\"><h4 class=\"fusion-tab-heading\"><i class=\"fontawesome-icon fa fa-bookmark\" aria-hidden=\"true\" style=\"font-size:13px;\"><\/i>DraftBoard Expert<\/h4><\/a><\/li><\/ul><\/div><div class=\"tab-pane fade fusion-clearfix\" role=\"tabpanel\" tabindex=\"0\" aria-labelledby=\"fusion-tab-draftboardexpert\" id=\"tab-8f9b918a5fa9b196fc3\"><strong>DraftBoard Expert<\/strong> ist f\u00fcr Anwender, die oft formgleiche Bauteile in verschiedenen Varianten erstellen, ist die Expert-Version die richtige L\u00f6sung.<\/p>\n<p> Neben einer St\u00fccklistenausgabe, einer Schriftkopfverwaltung, den mehrfachen Zeichenbl\u00e4ttern, der integrierten Form- und Lagetoleranzen sowie der Schwei\u00df- und Oberfl\u00e4chenzeichen werden variable Variantenkonstruktionen mit Hilfe der integrierten Parametriefunktion zum Kinderspiel.<\/p>\n<div class=\"fusion-alignright\"><a class=\"fusion-button button-flat button-small button-default fusion-button-default button-2 fusion-button-default-span \" style=\"--button-border-radius-top-left:0px;--button-border-radius-top-right:0px;--button-border-radius-bottom-right:0px;--button-border-radius-bottom-left:0px;\" target=\"_self\" title=\"DraftBoard Expert\" href=\"https:\/\/www.posh.de\/wcms\/produkte\/draftboard-cad\/draftboard-expert\/\"><i class=\" fa fa-chevron-right button-icon-left\" aria-hidden=\"true\"><\/i><span class=\"fusion-button-text\">mehr Erfahren&#8230;<\/span><\/a><\/div><\/div><div class=\"nav fusion-mobile-tab-nav\"><ul class=\"nav-tabs nav-justified\" role=\"tablist\"><li role=\"presentation\"><a class=\"tab-link\" data-toggle=\"tab\" role=\"tab\" aria-controls=\"tab-c8dbea947d97ff6ee5d\" aria-selected=\"false\" tabindex=\"-1\" id=\"mobile-fusion-tab-draftboardunlimited\" href=\"#tab-c8dbea947d97ff6ee5d\"><h4 class=\"fusion-tab-heading\"><i class=\"fontawesome-icon fa fa-bookmark\" aria-hidden=\"true\" style=\"font-size:13px;\"><\/i>DraftBoard Unlimited<\/h4><\/a><\/li><\/ul><\/div><div class=\"tab-pane fade fusion-clearfix\" role=\"tabpanel\" tabindex=\"0\" aria-labelledby=\"fusion-tab-draftboardunlimited\" id=\"tab-c8dbea947d97ff6ee5d\"><strong>DraftBoard Unlimited<\/strong> integriert zus\u00e4tzlich zur 2D Konstruktion die Modellierung von 3D Drahtgitter-Modellen. Alle Werkzeuge funktionieren wie gewohnt, ein nat\u00fcrlicher Umgang mit der dritten Dimension wird somit m\u00f6glich.<\/p>\n<p>Per <em>AutoSurface<\/em>-Funktion k\u00f6nnen die erzeugten 3D Drahtgitter-Modelle automatisch in Fl\u00e4chen konvertiert werden. Die schattierte Darstellung oder eine Darstellung ohne verdeckte Kanten ist dann nur noch einen Mausklick entfernt.<br \/><div class=\"fusion-alignright\"><a class=\"fusion-button button-flat button-small button-default fusion-button-default button-3 fusion-button-default-span \" style=\"--button-border-radius-top-left:0px;--button-border-radius-top-right:0px;--button-border-radius-bottom-right:0px;--button-border-radius-bottom-left:0px;\" target=\"_self\" title=\"DraftBoard Unlimited\" href=\"https:\/\/www.posh.de\/wcms\/produkte\/draftboard-cad\/draftboard-unlimited\/\"><i class=\" fa fa-chevron-right button-icon-left\" aria-hidden=\"true\"><\/i><span class=\"fusion-button-text\">mehr Erfahren&#8230;<\/span><\/a><\/div><\/div><\/div><\/div><div class=\"fusion-clearfix\"><\/div><\/div><\/div><div class=\"fusion-layout-column fusion_builder_column fusion-builder-column-2 fusion_builder_column_1_1 1_1 fusion-one-full fusion-column-first fusion-column-last fusion-column-no-min-height\" style=\"--awb-bg-size:cover;--awb-margin-bottom:0px;\"><div class=\"fusion-column-wrapper fusion-flex-column-wrapper-legacy\"><style type='text\/css'>\n\t\t\t\t.pricing-table-1 .panel-container, .pricing-table-1 .standout .panel-container,\n\t\t\t\t.pricing-table-1.full-boxed-pricing {background-color:#f8f8f8;}\n\t\t\t\t.pricing-table-1 .list-group .list-group-item,\n\t\t\t\t.pricing-table-1 .list-group .list-group-item:last-child{background-color:#ffffff; border-color:#ededed;}\n\t\t\t\t.pricing-table-1.full-boxed-pricing .panel-wrapper:hover .panel-heading,\n\t\t\t\t.pricing-table-1 .panel-wrapper:hover .list-group-item {background-color:#f8f8f8;}\n\t\t\t\t.pricing-table-1.full-boxed-pricing .panel-heading{background-color:#ffffff;}\n\t\t\t\t.pricing-table-1 .fusion-panel, .pricing-table-1 .panel-wrapper:last-child .fusion-panel,\n\t\t\t\t.pricing-table-1 .standout .fusion-panel, .pricing-table-1  .panel-heading,\n\t\t\t\t.pricing-table-1 .panel-body, .pricing-table-1 .panel-footer{border-color:#ededed;}\n\t\t\t\t.pricing-table-1 .panel-body,.pricing-table-1 .panel-footer{background-color:#f8f8f8;}\n\t\t\t\t.pricing-table-1.sep-boxed-pricing .panel-heading h3{color:#333333;}\n\t\t\t\t.pricing-table-1.full-boxed-pricing.fusion-pricing-table .panel-heading h3{color:#333333;}\n\t\t\t\t.pricing-table-1.fusion-pricing-table .panel-body .price .decimal-part{color:#62a2c4;}\n\t\t\t\t.pricing-table-1.fusion-pricing-table .panel-body .price .integer-part{color:#62a2c4;}\n\t\t\t\t.pricing-table-1 ul.list-group li{color:#535353;}\n\t\t\t\t<\/style><div class=\"fusion-pricing-table pricing-table-1 full-boxed-pricing row fusion-columns-3 columns-3 fusion-clearfix\">\n<div class=\"panel-wrapper fusion-column column col-lg-4 col-md-4 col-sm-4 fusion-pricingtable-column\"><div class=\"panel-container\"><div class=\"fusion-panel\"><div class=\"panel-heading\"><h3 class=\"title-row\">DraftBoard<br \/>Professional<\/h3><\/div><div class=\"panel-body pricing-row\"><div class=\"price price-with-decimal\"><span class=\"currency\">\u20ac<\/span><span class=\"integer-part\">695<\/span><sup class=\"decimal-part\">,-<\/sup><span class=\"time\">ab<\/span><\/div><\/div><ul class=\"list-group\"><li class=\"list-group-item normal-row\">2D-Konstruktion<\/li><li class=\"list-group-item normal-row\">Ansichten &amp; Ma\u00dfst\u00e4be<\/li><li class=\"list-group-item normal-row\">\u00a0<\/li><li class=\"list-group-item normal-row\">\u00a0<\/li><li class=\"list-group-item normal-row\">&nbsp;<\/li><li class=\"list-group-item normal-row\">\u00a0<\/li><\/ul><div class=\"panel-footer footer-row\"><div class=\"fusion-button-wrapper\"><a class=\"fusion-button button-flat fusion-button-default-size button-default fusion-button-default button-4 fusion-button-default-span fusion-button-default-type\" target=\"_self\" title=\"POSH WebShop\" href=\"https:\/\/www.posh.de\/webshop\/offline.html\"><span class=\"fusion-button-text\">Bestellen<\/span><\/a><\/div><\/div><\/div><\/div><\/div>\n<div class=\"panel-wrapper fusion-column column col-lg-4 col-md-4 col-sm-4 fusion-pricingtable-column\"><div class=\"panel-container\"><div class=\"fusion-panel\"><div class=\"panel-heading\"><h3 class=\"title-row\">DraftBoard<br \/>Expert<\/h3><\/div><div class=\"panel-body pricing-row\"><div class=\"price price-with-decimal\"><span class=\"currency\">\u20ac<\/span><span class=\"integer-part\">1295<\/span><sup class=\"decimal-part\">,-<\/sup><\/div><\/div><ul class=\"list-group\"><li class=\"list-group-item normal-row\">2D-Konstruktion<\/li><li class=\"list-group-item normal-row\">Ansichten &amp; Ma\u00dfst\u00e4be<\/li><li class=\"list-group-item normal-row\">multiple Zeichenbl\u00e4tter<\/li><li class=\"list-group-item normal-row\">parametrische Varianten<\/li><li class=\"list-group-item normal-row\">&nbsp;<\/li><li class=\"list-group-item normal-row\">\u00a0<\/li><\/ul><div class=\"panel-footer footer-row\"><div class=\"fusion-button-wrapper\"><a class=\"fusion-button button-flat fusion-button-default-size button-default fusion-button-default button-5 fusion-button-default-span fusion-button-default-type\" target=\"_self\" title=\"POSH WebShop\" href=\"https:\/\/www.posh.de\/webshop\/offline.html\"><span class=\"fusion-button-text\">Bestellen<\/span><\/a><\/div><\/div><\/div><\/div><\/div>\n<div class=\"panel-wrapper fusion-column column col-lg-4 col-md-4 col-sm-4 fusion-pricingtable-column\"><div class=\"panel-container\"><div class=\"fusion-panel\"><div class=\"panel-heading\"><h3 class=\"title-row\">DraftBoard<br \/>Unlimited<\/h3><\/div><div class=\"panel-body pricing-row\"><div class=\"price price-with-decimal\"><span class=\"currency\">\u20ac<\/span><span class=\"integer-part\">2995<\/span><sup class=\"decimal-part\">,-<\/sup><\/div><\/div><ul class=\"list-group\"><li class=\"list-group-item normal-row\">2D-Konstruktion<\/li><li class=\"list-group-item normal-row\">Ansichten &amp; Ma\u00dfst\u00e4be<\/li><li class=\"list-group-item normal-row\">multiple Zeichenbl\u00e4tter<\/li><li class=\"list-group-item normal-row\">parametrische Varianten<\/li><li class=\"list-group-item normal-row\">erweiterte Symbol-Bibliotheken<\/li><li class=\"list-group-item normal-row\">3D-Drahtgitter<\/li><\/ul><div class=\"panel-footer footer-row\"><div class=\"fusion-button-wrapper\"><a class=\"fusion-button button-flat fusion-button-default-size button-default fusion-button-default button-6 fusion-button-default-span fusion-button-default-type\" target=\"_self\" title=\"POSH WebShop\" href=\"https:\/\/www.posh.de\/webshop\/offline.html\"><span class=\"fusion-button-text\">Bestellen<\/span><\/a><\/div><\/div><\/div><\/div><\/div> <\/div><div class=\"fusion-clearfix\"><\/div><\/div><\/div><\/div><\/div>\n","protected":false},"excerpt":{"rendered":"","protected":false},"author":1,"featured_media":0,"parent":0,"menu_order":10,"comment_status":"closed","ping_status":"closed","template":"","meta":{"footnotes":""},"class_list":["post-944","page","type-page","status-publish","hentry"],"_links":{"self":[{"href":"https:\/\/www.posh.de\/wcms\/wp-json\/wp\/v2\/pages\/944","targetHints":{"allow":["GET"]}}],"collection":[{"href":"https:\/\/www.posh.de\/wcms\/wp-json\/wp\/v2\/pages"}],"about":[{"href":"https:\/\/www.posh.de\/wcms\/wp-json\/wp\/v2\/types\/page"}],"author":[{"embeddable":true,"href":"https:\/\/www.posh.de\/wcms\/wp-json\/wp\/v2\/users\/1"}],"replies":[{"embeddable":true,"href":"https:\/\/www.posh.de\/wcms\/wp-json\/wp\/v2\/comments?post=944"}],"version-history":[{"count":11,"href":"https:\/\/www.posh.de\/wcms\/wp-json\/wp\/v2\/pages\/944\/revisions"}],"predecessor-version":[{"id":5757,"href":"https:\/\/www.posh.de\/wcms\/wp-json\/wp\/v2\/pages\/944\/revisions\/5757"}],"wp:attachment":[{"href":"https:\/\/www.posh.de\/wcms\/wp-json\/wp\/v2\/media?parent=944"}],"curies":[{"name":"wp","href":"https:\/\/api.w.org\/{rel}","templated":true}]}}