{"id":951,"date":"2015-06-24T15:33:42","date_gmt":"2015-06-24T13:33:42","guid":{"rendered":"https:\/\/www.posh.de\/wcms\/?page_id=951"},"modified":"2024-03-18T18:09:47","modified_gmt":"2024-03-18T17:09:47","slug":"kundenstimmen","status":"publish","type":"page","link":"https:\/\/www.posh.de\/wcms\/draftboard-cad\/kundenstimmen\/","title":{"rendered":"Kundenstimmen"},"content":{"rendered":"<p><div class=\"fusion-testimonials classic fusion-testimonials-1\" style=\"--awb-textcolor:#747474;--awb-backgroundcolor:#f6f6f6;\" data-random=\"0\" data-speed=\"4000\"><div class=\"reviews\"><div class=\"review active-testimonial male\"><blockquote><q class=\"fusion-clearfix\">Tolle Software<\/q><\/blockquote><div class=\"author\"><span class=\"testimonial-thumbnail doe\"><\/span><span class=\"company-name\"><strong>GISA automation<\/strong><\/span><\/div><\/div><\/div><\/div><\/br><br \/>\n<div class=\"fusion-testimonials classic fusion-testimonials-2\" style=\"--awb-textcolor:#747474;--awb-backgroundcolor:#f6f6f6;\" data-random=\"0\" data-speed=\"4000\"><div class=\"reviews\"><div class=\"review active-testimonial male\"><blockquote><q class=\"fusion-clearfix\">Draftboard sehr empfelenswert! Ich kenne dieses Produkt bereits seit Windows 3.11. Habe es wieder beschafft, weil ich diese Software so sch\u00e4tze.<\/q><\/blockquote><div class=\"author\"><span class=\"testimonial-thumbnail doe\"><\/span><span class=\"company-name\"><strong>Antonius van der Weert<\/strong><\/span><\/div><\/div><\/div><\/div><\/br><br \/>\n<div class=\"fusion-testimonials classic fusion-testimonials-3\" style=\"--awb-textcolor:#747474;--awb-backgroundcolor:#f6f6f6;\" data-random=\"0\" data-speed=\"4000\"><div class=\"reviews\"><div class=\"review active-testimonial male\"><blockquote><q class=\"fusion-clearfix\">Habe das Programm schon lange. Ein tolles CAD-Programm wenn man nur selten zeichnet, da es selbst erkl\u00e4rend ist.<\/q><\/blockquote><div class=\"author\"><span class=\"testimonial-thumbnail doe\"><\/span><span class=\"company-name\"><strong>Markus Blum<\/strong><\/span><\/div><\/div><\/div><\/div><\/br><br \/>\n<div class=\"fusion-testimonials classic fusion-testimonials-4\" style=\"--awb-textcolor:#747474;--awb-backgroundcolor:#f6f6f6;\" data-random=\"0\" data-speed=\"4000\"><div class=\"reviews\"><div class=\"review active-testimonial male\"><blockquote><q class=\"fusion-clearfix\">&#8230; ich bin seit Jahren begeisterter Draftboard-User.<\/q><\/blockquote><div class=\"author\"><span class=\"testimonial-thumbnail doe\"><\/span><span class=\"company-name\"><strong>PWS GmbH<\/strong><\/span><\/div><\/div><\/div><\/div><\/br><br \/>\n<div class=\"fusion-testimonials classic fusion-testimonials-5\" style=\"--awb-textcolor:#747474;--awb-backgroundcolor:#f6f6f6;\" data-random=\"0\" data-speed=\"4000\"><div class=\"reviews\"><div class=\"review active-testimonial male\"><blockquote><q class=\"fusion-clearfix\">&#8230; ich arbeite seit zwanzig Jahren mit Draftboard und halte es f\u00fcr ein sehr gutes, schnell erlernbares, intuitives Programm.<\/q><\/blockquote><div class=\"author\"><span class=\"testimonial-thumbnail doe\"><\/span><span class=\"company-name\"><strong>Architekturb\u00fcro Blien<\/strong><\/span><\/div><\/div><\/div><\/div><\/br><br \/>\n<div class=\"fusion-testimonials classic fusion-testimonials-6\" style=\"--awb-textcolor:#747474;--awb-backgroundcolor:#f6f6f6;\" data-random=\"0\" data-speed=\"4000\"><div class=\"reviews\"><div class=\"review active-testimonial male\"><blockquote><q class=\"fusion-clearfix\">Wir nutzen derzeit Ihr Programm DraftBoard und sind sehr zufrieden weil es so einfach zu bedienen geht und sehr g\u00fcnstig gewesen ist.<\/q><\/blockquote><div class=\"author\"><span class=\"testimonial-thumbnail doe\"><\/span><span class=\"company-name\"><strong>Horst Schraml<\/strong><\/span><\/div><\/div><\/div><\/div><\/br><br \/>\n<div class=\"fusion-testimonials classic fusion-testimonials-7\" style=\"--awb-textcolor:#747474;--awb-backgroundcolor:#f6f6f6;\" data-random=\"0\" data-speed=\"4000\"><div class=\"reviews\"><div class=\"review active-testimonial male\"><blockquote><q class=\"fusion-clearfix\">&#8230; seit Jahren nutze ich privat und gesch\u00e4ftlich die Pocket-Version Ihres DraftBoard, das unumstritten eine einzigartige CAD-Software darstellt.<\/q><\/blockquote><div class=\"author\"><span class=\"testimonial-thumbnail doe\"><\/span><span class=\"company-name\"><strong>Georg Lauterbach<\/strong>, <a href=\"http:\/\/www.galeerenfahrt.de\/\" target=\"_blank\" rel=\"noopener noreferrer\"><span>Erste moderne Galeere der Welt<\/span><\/a><\/span><\/div><\/div><\/div><\/div><\/br><br \/>\n<div class=\"fusion-testimonials classic fusion-testimonials-8\" style=\"--awb-textcolor:#747474;--awb-backgroundcolor:#f6f6f6;\" data-random=\"0\" data-speed=\"4000\"><div class=\"reviews\"><div class=\"review active-testimonial male\"><blockquote><q class=\"fusion-clearfix\">Habe mir Draftboard gekauft, wunderbar wie einfach das geht, bin begeistert. Als Anf\u00e4nger nicht mehr ganz jung habe ich etliche andere Programme ausprobiert  &#8230; als gelernter Maschinenschlosser weiss ich wie wichtig gute Zeichnungen sind.<\/q><\/blockquote><div class=\"author\"><span class=\"testimonial-thumbnail doe\"><\/span><span class=\"company-name\"><strong>Walter Borer<\/strong><\/span><\/div><\/div><\/div><\/div><\/br><br \/>\n<div class=\"fusion-testimonials classic fusion-testimonials-9\" style=\"--awb-textcolor:#747474;--awb-backgroundcolor:#f6f6f6;\" data-random=\"0\" data-speed=\"4000\"><div class=\"reviews\"><div class=\"review active-testimonial male\"><blockquote><q class=\"fusion-clearfix\">Das Draftboard ist wie immer mehr wie genial !<\/q><\/blockquote><div class=\"author\"><span class=\"testimonial-thumbnail doe\"><\/span><span class=\"company-name\"><strong>James Webb<\/strong><\/span><\/div><\/div><\/div><\/div><\/br><br \/>\n<div class=\"fusion-testimonials classic fusion-testimonials-10\" style=\"--awb-textcolor:#747474;--awb-backgroundcolor:#f6f6f6;\" data-random=\"0\" data-speed=\"4000\"><div class=\"reviews\"><div class=\"review active-testimonial male\"><blockquote><q class=\"fusion-clearfix\">Ich arbeite seit ein Paar Monate mit DraftBoard Pro 4.0 und bin sehr begeistert.<\/q><\/blockquote><div class=\"author\"><span class=\"testimonial-thumbnail doe\"><\/span><span class=\"company-name\"><strong>Karl Vesterberg<\/strong><\/span><\/div><\/div><\/div><\/div><\/br><br \/>\n<div class=\"fusion-testimonials classic fusion-testimonials-11\" style=\"--awb-textcolor:#747474;--awb-backgroundcolor:#f6f6f6;\" data-random=\"0\" data-speed=\"4000\"><div class=\"reviews\"><div class=\"review active-testimonial male\"><blockquote><q class=\"fusion-clearfix\">Ich arbeite nun seit 4 Jahren mit DraftBoard 3.0 und bin sehr zufrieden &#8230;<\/q><\/blockquote><div class=\"author\"><span class=\"testimonial-thumbnail doe\"><\/span><span class=\"company-name\"><strong>Ralf Haas<\/strong><\/span><\/div><\/div><\/div><\/div><\/br><br \/>\n<div class=\"fusion-testimonials classic fusion-testimonials-12\" style=\"--awb-textcolor:#747474;--awb-backgroundcolor:#f6f6f6;\" data-random=\"0\" data-speed=\"4000\"><div class=\"reviews\"><div class=\"review active-testimonial male\"><blockquote><q class=\"fusion-clearfix\">Ich arbeite jetzt schon \u00fcber vier Jahre mit Draftboard Pocket und bin immer wieder auf\u00b4s Neue von Draftboard begeistert, wenn ich mal die Arbeitsweise von anderen CAD-Programmen kennengelernt habe. Ich sage es an dieser Stelle gerne: Ein besser zu bedienendes Programm kann ich mir nicht vorstellen &#8230;<\/q><\/blockquote><div class=\"author\"><span class=\"testimonial-thumbnail doe\"><\/span><span class=\"company-name\"><strong>Peter Kraus<\/strong><\/span><\/div><\/div><\/div><\/div><\/br><br \/>\n<div class=\"fusion-testimonials classic fusion-testimonials-13\" style=\"--awb-textcolor:#747474;--awb-backgroundcolor:#f6f6f6;\" data-random=\"0\" data-speed=\"4000\"><div class=\"reviews\"><div class=\"review active-testimonial male\"><blockquote><q class=\"fusion-clearfix\">Nun super nachdem ich mir Autocad, ME 10 und CAD Pro schwer erarbeiten musste stell ich heute im R\u00fcckblick, nach 5 Jahren CAD, fest das da\u00df genialste CAD Programm aus meiner Heimat kommt. Meine Lehrlinge lernten dieses geniale Programm sofort (Schreiner). Heute werden alle meine Instrumente im DraftBoard entwickelt &#8230;<\/q><\/blockquote><div class=\"author\"><span class=\"testimonial-thumbnail doe\"><\/span><span class=\"company-name\"><strong>Michael Klein<\/strong><\/span><\/div><\/div><\/div><\/div><\/br><br \/>\n<div class=\"fusion-testimonials classic fusion-testimonials-14\" style=\"--awb-textcolor:#747474;--awb-backgroundcolor:#f6f6f6;\" data-random=\"0\" data-speed=\"4000\"><div class=\"reviews\"><div class=\"review active-testimonial male\"><blockquote><q class=\"fusion-clearfix\">Ich benutze Draftboard &#8230; seit Jahren begeistert f\u00fcr den pr\u00e4zisen Entwurf von Regalen, Audioracks usw. &#8230;<\/q><\/blockquote><div class=\"author\"><span class=\"testimonial-thumbnail doe\"><\/span><span class=\"company-name\"><strong>Erich Virch<\/strong><\/span><\/div><\/div><\/div><\/div><\/br><br \/>\n<div class=\"fusion-testimonials classic fusion-testimonials-15\" style=\"--awb-textcolor:#747474;--awb-backgroundcolor:#f6f6f6;\" data-random=\"0\" data-speed=\"4000\"><div class=\"reviews\"><div class=\"review active-testimonial male\"><blockquote><q class=\"fusion-clearfix\">Ich besitze noch die Drafboard Prof. Vers. 2.7 und bin nachwievor begeistert von der Bedienung &#8230;<\/q><\/blockquote><div class=\"author\"><span class=\"testimonial-thumbnail doe\"><\/span><span class=\"company-name\"><strong>Patrick Keel<\/strong><\/span><\/div><\/div><\/div><\/div><\/br><br \/>\n<div class=\"fusion-testimonials classic fusion-testimonials-16\" style=\"--awb-textcolor:#747474;--awb-backgroundcolor:#f6f6f6;\" data-random=\"0\" data-speed=\"4000\"><div class=\"reviews\"><div class=\"review active-testimonial male\"><blockquote><q class=\"fusion-clearfix\">zu erst einmal m\u00f6chte ich Draftboard einmal f\u00fcr seine \u00fcberaus einfache Bedienweise loben &#8230;<\/q><\/blockquote><div class=\"author\"><span class=\"testimonial-thumbnail doe\"><\/span><span class=\"company-name\"><strong>Jens H\u00f6wener<\/strong><\/span><\/div><\/div><\/div><\/div><\/br><br \/>\n<div class=\"fusion-testimonials classic fusion-testimonials-17\" style=\"--awb-textcolor:#747474;--awb-backgroundcolor:#f6f6f6;\" data-random=\"0\" data-speed=\"4000\"><div class=\"reviews\"><div class=\"review active-testimonial male\"><blockquote><q class=\"fusion-clearfix\">Jahrelang habe ich ein Cad-Programm gesucht, das Zeichnen so einfach wie mit Bleistift und Papier erlaubt &#8230; bin ich auf DraftBoard gestossen.  Ich bin echt begeistert. So leicht und schnell habe ich noch nie eine Cad Zeichnung erstellt.<\/q><\/blockquote><div class=\"author\"><span class=\"testimonial-thumbnail doe\"><\/span><span class=\"company-name\"><strong>Matthias Weingart<\/strong><\/span><\/div><\/div><\/div><\/div><\/br><br \/>\n<div class=\"fusion-testimonials classic fusion-testimonials-18\" style=\"--awb-textcolor:#747474;--awb-backgroundcolor:#f6f6f6;\" data-random=\"0\" data-speed=\"4000\"><div class=\"reviews\"><div class=\"review active-testimonial male\"><blockquote><q class=\"fusion-clearfix\">bin auch langj\u00e4hriger benutzer von draftboard pocket f\u00fcr mac und nach wie vor kenne ich kein so intuitives programm &#8230;<\/q><\/blockquote><div class=\"author\"><span class=\"testimonial-thumbnail doe\"><\/span><span class=\"company-name\"><strong>Lutz K\u00f6bele<\/strong><\/span><\/div><\/div><\/div><\/div><\/br><br \/>\n<div class=\"fusion-testimonials classic fusion-testimonials-19\" style=\"--awb-textcolor:#747474;--awb-backgroundcolor:#f6f6f6;\" data-random=\"0\" data-speed=\"4000\"><div class=\"reviews\"><div class=\"review active-testimonial male\"><blockquote><q class=\"fusion-clearfix\">&#8230; habe ich mit dem Programm schon sehr viele hilfreiche maschinenbautechnische Skizzen angefertigt und bin vom Preis-Leistungsverh\u00e4ltnis begeistert.<\/q><\/blockquote><div class=\"author\"><span class=\"testimonial-thumbnail doe\"><\/span><span class=\"company-name\"><strong>Martin Slonina<\/strong><\/span><\/div><\/div><\/div><\/div><\/br><br \/>\n<div class=\"fusion-testimonials classic fusion-testimonials-20\" style=\"--awb-textcolor:#747474;--awb-backgroundcolor:#f6f6f6;\" data-random=\"0\" data-speed=\"4000\"><div class=\"reviews\"><div class=\"review active-testimonial male\"><blockquote><q class=\"fusion-clearfix\">&#8230; wir sind durch Zufall auf Ihre Seiten gestossen und sind \u00fcberascht von der einfachen Bedienbarkeit des Programmes &#8230;<\/q><\/blockquote><div class=\"author\"><span class=\"testimonial-thumbnail doe\"><\/span><span class=\"company-name\"><strong>LIFT Consulting GmbH<\/strong><\/span><\/div><\/div><\/div><\/div><\/br><br \/>\n<div class=\"fusion-testimonials classic fusion-testimonials-21\" style=\"--awb-textcolor:#747474;--awb-backgroundcolor:#f6f6f6;\" data-random=\"0\" data-speed=\"4000\"><div class=\"reviews\"><div class=\"review active-testimonial male\"><blockquote><q class=\"fusion-clearfix\">Ich arbeite nun schon einige Jahre mit DraftBoard Pocket. Die Funktionalit\u00e4t ist f\u00fcr ein Programm dieser Preisklasse wirklich einmalig &#8230;<\/q><\/blockquote><div class=\"author\"><span class=\"testimonial-thumbnail doe\"><\/span><span class=\"company-name\"><strong>J\u00fcrgen Berger<\/strong><\/span><\/div><\/div><\/div><\/div><\/br><br \/>\n<div class=\"fusion-testimonials classic fusion-testimonials-22\" style=\"--awb-textcolor:#747474;--awb-backgroundcolor:#f6f6f6;\" data-random=\"0\" data-speed=\"4000\"><div class=\"reviews\"><div class=\"review active-testimonial male\"><blockquote><q class=\"fusion-clearfix\">Das Draftboard ist wirklich ein geiles Programm &#8230; Seit ich das Draftboard habe, hab ich meinen Chef, der ebenfalls das Draftboard hat, im zeichnen l\u00e4ngst \u00fcbertrumpft und zeichne meine Gel\u00e4nderauftragsprojekte komplett selbst und seitdem stimmt die Theorie bis ins letzte Detail und das kommt mir bei der Montage des Projekte mehr wie zugute. Aber auch private Planungen wie Einrichtungsgegenst\u00e4nde oder Wohnungsgrundrisse werden mit Draftboard elegant und souver\u00e4n gel\u00f6st. Die professionelle Theoretiker die das programmierten, haben wenigsten etwas sehr wertvolles f\u00fcr die Praxis im Allt\u00e4glichen Handwerk getan &#8230;<\/q><\/blockquote><div class=\"author\"><span class=\"testimonial-thumbnail doe\"><\/span><span class=\"company-name\"><strong>James Webb<\/strong><\/span><\/div><\/div><\/div><\/div><\/br><br \/>\n<div class=\"fusion-testimonials classic fusion-testimonials-23\" style=\"--awb-textcolor:#747474;--awb-backgroundcolor:#f6f6f6;\" data-random=\"0\" data-speed=\"4000\"><div class=\"reviews\"><div class=\"review active-testimonial male\"><blockquote><q class=\"fusion-clearfix\">Arbeite jetzt seit mehreren Jahren mit eurer Software Draftboard &#8211; aktuell mit der Version 3.05.41. Bin eigentlich sehr zufrieden, besonders f\u00fcr schnelle Skizzen ist das Programm genial! &#8230;<\/q><\/blockquote><div class=\"author\"><span class=\"testimonial-thumbnail doe\"><\/span><span class=\"company-name\"><strong>Ingo Habbel<\/strong><\/span><\/div><\/div><\/div><\/div><\/br><br \/>\n<div class=\"fusion-testimonials classic fusion-testimonials-24\" style=\"--awb-textcolor:#747474;--awb-backgroundcolor:#f6f6f6;\" data-random=\"0\" data-speed=\"4000\"><div class=\"reviews\"><div class=\"review active-testimonial male\"><blockquote><q class=\"fusion-clearfix\">&#8230; im Unterschied zu manch anderem Programm (z.B. Mega-CAD, CAD4you, &#8230;) die Bedienung wirklich intuitiv und selbstst\u00e4ndig erlernbar ist.<\/q><\/blockquote><div class=\"author\"><span class=\"testimonial-thumbnail doe\"><\/span><span class=\"company-name\"><strong>Stefan Klemmer<\/strong><\/span><\/div><\/div><\/div><\/div><\/br><br \/>\n<div class=\"fusion-testimonials classic fusion-testimonials-25\" style=\"--awb-textcolor:#747474;--awb-backgroundcolor:#f6f6f6;\" data-random=\"0\" data-speed=\"4000\"><div class=\"reviews\"><div class=\"review active-testimonial male\"><blockquote><q class=\"fusion-clearfix\">Benutze Ihr Programm Draftboard &#8230; seit Jahren. Dieses Programm ist das einzige Cad Program was ich mit meinem Grufftiverstand (72) gut beherrsche.<\/q><\/blockquote><div class=\"author\"><span class=\"testimonial-thumbnail doe\"><\/span><span class=\"company-name\"><strong>Manfred W\u00f6lk<\/strong><\/span><\/div><\/div><\/div><\/div><\/br><br \/>\n<div class=\"fusion-testimonials classic fusion-testimonials-26\" style=\"--awb-textcolor:#747474;--awb-backgroundcolor:#f6f6f6;\" data-random=\"0\" data-speed=\"4000\"><div class=\"reviews\"><div class=\"review active-testimonial male\"><blockquote><q class=\"fusion-clearfix\">Ich benutze Draft Board &#8230; schon seit mindestens 10 Jahre f\u00fcr alle m\u00f6glichen Bereiche (M\u00f6bel, Grundriss, Werkst\u00fccke usw.) Und habe bis jetzt kein besseres oder gleichwertiges Programm gefunden!!!<\/q><\/blockquote><div class=\"author\"><span class=\"testimonial-thumbnail doe\"><\/span><span class=\"company-name\"><strong>Ralph Braun<\/strong><\/span><\/div><\/div><\/div><\/div><\/br><br \/>\n<div class=\"fusion-testimonials classic fusion-testimonials-27\" style=\"--awb-textcolor:#747474;--awb-backgroundcolor:#f6f6f6;\" data-random=\"0\" data-speed=\"4000\"><div class=\"reviews\"><div class=\"review active-testimonial female\"><blockquote><q class=\"fusion-clearfix\">&#8230; ich finde mich recht einfach in diese Cad-Anwendung ein. Was mir besonders gut gef\u00e4llt ist, da\u00df die Zeichenfl\u00e4che recht gro\u00df ist. &#8230; Hervorzuheben ist vor allem der sogenannte Zeichen Assistent, welcher ein besonders schnelles und genaues Arbeiten mit dem Programm erlaubt. Durch diese Zeichenhilfe kann eine Vielzahl von Befehlen und Symbolen entfallen, die bei anderen CAD-Programmen &#8230; f\u00fcr Verwirrung sorgen. &#8230; Mir gef\u00e4llt Draftboard sehr gut. Ich kann sie wirklich weiter empfehlen die Technische Zeichnungen anfertigen m\u00f6chten.<\/q><\/blockquote><div class=\"author\"><span class=\"testimonial-thumbnail doe\"><\/span><span class=\"company-name\"><strong>Anna Lena<\/strong><\/span><\/div><\/div><\/div><\/div><\/br><br \/>\n<div class=\"fusion-testimonials classic fusion-testimonials-28\" style=\"--awb-textcolor:#747474;--awb-backgroundcolor:#f6f6f6;\" data-random=\"0\" data-speed=\"4000\"><div class=\"reviews\"><div class=\"review active-testimonial male\"><blockquote><q class=\"fusion-clearfix\">&#8230; f\u00fcr Planungen von K\u00fcchen, Geb\u00e4uden und technische Zeichnungen im Bereich von Elektrotechnik und Maschinenbau ist das Programm durchaus einsetzbar und erf\u00fcllt seinen Zweck sehr gut. Das Programm ist leicht zu erlernen und die Funktionen wie Export in andere Programme geht einfach und ist leicht zu handhaben. Also rundherum ein gelungenes Produkt zu einem \u00e4u\u00dferst g\u00fcnstigen Preis.<\/q><\/blockquote><div class=\"author\"><span class=\"testimonial-thumbnail doe\"><\/span><span class=\"company-name\"><strong>Hermann, Kiefersfelden<\/strong><\/span><\/div><\/div><\/div><\/div><\/p>\n<p>&nbsp;<\/p>\n<div class=\"accordian fusion-accordian\" style=\"--awb-border-size:2px;--awb-icon-size:13px;--awb-content-font-size:13px;--awb-icon-alignment:left;--awb-hover-color:#f9f9f9;--awb-border-color:#e5e5e5;--awb-background-color:#f5f5f5;--awb-divider-color:#e0dede;--awb-divider-hover-color:#e0dede;--awb-icon-color:#ffffff;--awb-title-color:#0076a9;--awb-content-color:#535353;--awb-icon-box-color:#333333;--awb-toggle-hover-accent-color:#0088c2;--awb-title-font-family:Verdana, Geneva, sans-serif;--awb-title-font-weight:400;--awb-title-font-style:normal;--awb-title-font-size:14px;--awb-content-font-family:Verdana, Geneva, sans-serif;--awb-content-font-style:normal;--awb-content-font-weight:400;\"><div class=\"panel-group fusion-toggle-icon-boxed\" id=\"accordion-951-1\"> <div class=\"fusion-panel panel-default panel-9fea1637820d18a07 fusion-toggle-no-divider fusion-toggle-boxed-mode\"><div class=\"panel-heading\"><h4 class=\"panel-title toggle\" id=\"toggle_9fea1637820d18a07\"><a class=\"active\" aria-expanded=\"true\" aria-controls=\"9fea1637820d18a07\" role=\"button\" data-toggle=\"collapse\" data-parent=\"#accordion-951-1\" data-target=\"#9fea1637820d18a07\" href=\"#9fea1637820d18a07\"><span class=\"fusion-toggle-icon-wrapper\" aria-hidden=\"true\"><i class=\"fa-fusion-box active-icon awb-icon-minus\" aria-hidden=\"true\"><\/i><i class=\"fa-fusion-box inactive-icon awb-icon-plus\" aria-hidden=\"true\"><\/i><\/span><span class=\"fusion-toggle-heading\">&copy; Copyright<\/span><\/a><\/h4><\/div><div id=\"9fea1637820d18a07\" class=\"panel-collapse collapse in\" araia-labelledby=\"toggle_9fea1637820d18a07\"><div class=\"panel-body toggle-content fusion-clearfix\"><\/p>\n<p style=\"padding-left: 120px; padding-right: 20px;\">Marken und Warenzeichen sind Eigentum des jeweiligen Inhabers.<br \/>Brands and Trademarks are Property of their respective Owners.<\/p>\n<p><\/div><\/div><\/div><\/div><\/div>\n","protected":false},"excerpt":{"rendered":"<p>&nbsp;<\/p>\n","protected":false},"author":1,"featured_media":0,"parent":944,"menu_order":10,"comment_status":"closed","ping_status":"closed","template":"","meta":{"footnotes":""},"class_list":["post-951","page","type-page","status-publish","hentry"],"_links":{"self":[{"href":"https:\/\/www.posh.de\/wcms\/wp-json\/wp\/v2\/pages\/951","targetHints":{"allow":["GET"]}}],"collection":[{"href":"https:\/\/www.posh.de\/wcms\/wp-json\/wp\/v2\/pages"}],"about":[{"href":"https:\/\/www.posh.de\/wcms\/wp-json\/wp\/v2\/types\/page"}],"author":[{"embeddable":true,"href":"https:\/\/www.posh.de\/wcms\/wp-json\/wp\/v2\/users\/1"}],"replies":[{"embeddable":true,"href":"https:\/\/www.posh.de\/wcms\/wp-json\/wp\/v2\/comments?post=951"}],"version-history":[{"count":4,"href":"https:\/\/www.posh.de\/wcms\/wp-json\/wp\/v2\/pages\/951\/revisions"}],"predecessor-version":[{"id":4191,"href":"https:\/\/www.posh.de\/wcms\/wp-json\/wp\/v2\/pages\/951\/revisions\/4191"}],"up":[{"embeddable":true,"href":"https:\/\/www.posh.de\/wcms\/wp-json\/wp\/v2\/pages\/944"}],"wp:attachment":[{"href":"https:\/\/www.posh.de\/wcms\/wp-json\/wp\/v2\/media?parent=951"}],"curies":[{"name":"wp","href":"https:\/\/api.w.org\/{rel}","templated":true}]}}